{"id":16,"date":"2022-11-02T15:25:08","date_gmt":"2022-11-02T14:25:08","guid":{"rendered":"http:\/\/razemmozemywiecej.inspires.pl\/?page_id=16"},"modified":"2022-11-02T17:44:23","modified_gmt":"2022-11-02T16:44:23","slug":"oferowane-wsparcie","status":"publish","type":"page","link":"http:\/\/razemmozemywiecej.inspires.pl\/index.php\/oferowane-wsparcie\/","title":{"rendered":"Oferowane wsparcie"},"content":{"rendered":"\t\t<div data-elementor-type=\"wp-page\" data-elementor-id=\"16\" class=\"elementor elementor-16\">\n\t\t\t\t\t\t\t\t\t<section class=\"elementor-section elementor-top-section elementor-element elementor-element-b2296bb elementor-section-boxed elementor-section-height-default elementor-section-height-default\" data-id=\"b2296bb\" data-element_type=\"section\">\n\t\t\t\t\t\t<div class=\"elementor-container elementor-column-gap-default\">\n\t\t\t\t\t<div class=\"elementor-column elementor-col-100 elementor-top-column elementor-element elementor-element-4fd936d\" data-id=\"4fd936d\" data-element_type=\"column\">\n\t\t\t<div class=\"elementor-widget-wrap elementor-element-populated\">\n\t\t\t\t\t\t\t\t<div class=\"elementor-element elementor-element-e60d5b0 elementor-widget elementor-widget-heading\" data-id=\"e60d5b0\" data-element_type=\"widget\" data-widget_type=\"heading.default\">\n\t\t\t\t<div class=\"elementor-widget-container\">\n\t\t\t<style>\/*! elementor - v3.8.0 - 30-10-2022 *\/\n.elementor-heading-title{padding:0;margin:0;line-height:1}.elementor-widget-heading .elementor-heading-title[class*=elementor-size-]>a{color:inherit;font-size:inherit;line-height:inherit}.elementor-widget-heading .elementor-heading-title.elementor-size-small{font-size:15px}.elementor-widget-heading .elementor-heading-title.elementor-size-medium{font-size:19px}.elementor-widget-heading .elementor-heading-title.elementor-size-large{font-size:29px}.elementor-widget-heading .elementor-heading-title.elementor-size-xl{font-size:39px}.elementor-widget-heading .elementor-heading-title.elementor-size-xxl{font-size:59px}<\/style><h1 class=\"elementor-heading-title elementor-size-default\">Oferowane wsparcie<\/h1>\t\t<\/div>\n\t\t\t\t<\/div>\n\t\t\t\t<div class=\"elementor-element elementor-element-eb9cf79 elementor-widget elementor-widget-text-editor\" data-id=\"eb9cf79\" data-element_type=\"widget\" data-widget_type=\"text-editor.default\">\n\t\t\t\t<div class=\"elementor-widget-container\">\n\t\t\t<style>\/*! elementor - v3.8.0 - 30-10-2022 *\/\n.elementor-widget-text-editor.elementor-drop-cap-view-stacked .elementor-drop-cap{background-color:#818a91;color:#fff}.elementor-widget-text-editor.elementor-drop-cap-view-framed .elementor-drop-cap{color:#818a91;border:3px solid;background-color:transparent}.elementor-widget-text-editor:not(.elementor-drop-cap-view-default) .elementor-drop-cap{margin-top:8px}.elementor-widget-text-editor:not(.elementor-drop-cap-view-default) .elementor-drop-cap-letter{width:1em;height:1em}.elementor-widget-text-editor .elementor-drop-cap{float:left;text-align:center;line-height:1;font-size:50px}.elementor-widget-text-editor .elementor-drop-cap-letter{display:inline-block}<\/style>\t\t\t\t<p align=\"JUSTIFY\"><b>OFERUMEJY WSPARCIE W PROJEKCIE W RAMACH<\/b><\/p><p align=\"JUSTIFY\"><b>Diagnozy indywidualnych potrzeb i potencja\u0142\u00f3w uczestnik\u00f3w projektu \u2013 dla 100% Uczestnik\u00f3w\/czek projektu<\/b><\/p><p align=\"JUSTIFY\"><b>Treningu kompetencji i umiej\u0119tno\u015bci spo\u0142ecznych \u2013 Ku\u017ania Optymizmu<\/b><\/p><ol><li><p align=\"JUSTIFY\">Warsztaty z zakresu komunikacji interpersonalnej \u2013 dla 100% Uczestnik\u00f3w\/czek proj. -wsparcie grupowe, 12 h dydaktycznych wsparcia na osob\u0119 (wsparcie obligatoryjne)<\/p><\/li><li><p align=\"JUSTIFY\">Warsztaty radzenia sobie ze stresem i sytuacjami konfliktowymi \u2013 dla 100% Uczestnik\u00f3w\/czek proj. &#8211; wsparcie grupowe, 12 h dydaktycznych wsparcia na osob\u0119 (wsparcie obligatoryjne)<\/p><\/li><li><p align=\"JUSTIFY\">Warsztaty indywidualne o tematyce wed\u0142ug potrzeb UP- dla \u015brednio 80% Uczestnik\u00f3w\/czek proj. \u2013 6 h zegarowe wsparcia na osob\u0119 (wsparcie fakultatywne)<\/p><\/li><\/ol><p align=\"JUSTIFY\"><b>Poradnictwo specjalistyczne:<\/b><\/p><p align=\"JUSTIFY\">a) poradnictwo socjalne \u2013 wsparcie grupowe dla 100% Uczestnik\u00f3w\/czek proj. \u2013 8h dydaktycznych wsparcia<\/p><p align=\"JUSTIFY\">b) poradnictwo psychologiczne &#8211; wsparcie indywidualne dla 100% Uczestnik\u00f3w\/czek proj. \u2013 4 h zegarowe wsparcia na osob\u0119 (wsparcie fakultatywne)<\/p><p align=\"JUSTIFY\">c) poradnictwo zawodowe &#8211; wsparcie indywidualne dla 100% Uczestnik\u00f3w\/czek proj. \u2013 3 h zegarowe wsparcia na osob\u0119 (wsparcie obligatoryjne)<\/p><p align=\"JUSTIFY\">d) wsparcie specjalistyczne dla os\u00f3b z niepe\u0142nosprawno\u015bciami- wsparcie trenera aktywno\u015bci ON\/trenera pracy<\/p><p align=\"JUSTIFY\"><b>Po\u015brednictwo pracy<\/b> \u2013 dla 100% Uczestnik\u00f3w\/czek projektu \u2013 6 h zegarowych wsparcia na osob\u0119 (wsparcie obligatoryjne)<\/p><p align=\"JUSTIFY\"><b>Szkolenia zawodowe<\/b> \u2013 dla 100 % Uczestnik\u00f3w\/czek projektu 120 h dydaktycznych wsparcia na osob\u0119 (wsparcie obligatoryjne). Tematyka szkolenia wynika z Diagnozy indywidualnych potrzeb i potencja\u0142u Uczestnika projektu.<\/p><p align=\"JUSTIFY\"><b>Sta\u017ce zawodowe<\/b>\u2013 dla \u015brednio 82 Uczestnik\u00f3w\/czek projektu (wsparcie fakultatywne, decyduje \u015bcie\u017cka reintegracji)- 3 miesi\u0119czne<\/p><p align=\"JUSTIFY\">Realizator projektu zobowi\u0105zuje si\u0119 do zapewnienia zaplecza lokalowego, technicznego i kadrowego niezb\u0119dnego do realizacji w\/w wsparcia oraz innych us\u0142ug bezpo\u015brednio z nimi zwi\u0105zanych.<\/p><p align=\"JUSTIFY\">Ka\u017cdy z Uczestnik\/czka ma mo\u017cliwo\u015b\u0107 otrzyma\u0107 materia\u0142y szkoleniowe (notes, d\u0142ugopis), materia\u0142y dydaktyczne (skrypty\/podr\u0119czniki), wy\u017cywienie, zwroty koszt\u00f3w dojazdu, w przypadku szkole\u0144\/sta\u017cy: stypendium szkoleniowej\/sta\u017cowe, ubezpieczenie, za\u015bwiadczenia o ko\u0144czeniu szkolenia, dokument potwierdzaj\u0105cy nabycie kwalifikacji zawodowych\/kompetencji zawodowych<\/p>\t\t\t\t\t\t<\/div>\n\t\t\t\t<\/div>\n\t\t\t\t\t<\/div>\n\t\t<\/div>\n\t\t\t\t\t\t\t<\/div>\n\t\t<\/section>\n\t\t\t\t\t\t\t<\/div>\n\t\t","protected":false},"excerpt":{"rendered":"<p>Oferowane wsparcie OFERUMEJY WSPARCIE W PROJEKCIE W RAMACH Diagnozy indywidualnych potrzeb i potencja\u0142\u00f3w uczestnik\u00f3w projektu \u2013 dla 100% Uczestnik\u00f3w\/czek projektu Treningu kompetencji i umiej\u0119tno\u015bci spo\u0142ecznych \u2013 Ku\u017ania Optymizmu Warsztaty z zakresu komunikacji interpersonalnej \u2013 dla 100% Uczestnik\u00f3w\/czek proj. -wsparcie grupowe, 12 h dydaktycznych wsparcia na osob\u0119 (wsparcie obligatoryjne) Warsztaty radzenia sobie ze stresem i sytuacjami [&hellip;]<\/p>\n","protected":false},"author":1,"featured_media":0,"parent":0,"menu_order":0,"comment_status":"closed","ping_status":"closed","template":"","meta":{"footnotes":""},"class_list":["post-16","page","type-page","status-publish","hentry"],"_links":{"self":[{"href":"http:\/\/razemmozemywiecej.inspires.pl\/index.php\/wp-json\/wp\/v2\/pages\/16","targetHints":{"allow":["GET"]}}],"collection":[{"href":"http:\/\/razemmozemywiecej.inspires.pl\/index.php\/wp-json\/wp\/v2\/pages"}],"about":[{"href":"http:\/\/razemmozemywiecej.inspires.pl\/index.php\/wp-json\/wp\/v2\/types\/page"}],"author":[{"embeddable":true,"href":"http:\/\/razemmozemywiecej.inspires.pl\/index.php\/wp-json\/wp\/v2\/users\/1"}],"replies":[{"embeddable":true,"href":"http:\/\/razemmozemywiecej.inspires.pl\/index.php\/wp-json\/wp\/v2\/comments?post=16"}],"version-history":[{"count":10,"href":"http:\/\/razemmozemywiecej.inspires.pl\/index.php\/wp-json\/wp\/v2\/pages\/16\/revisions"}],"predecessor-version":[{"id":98,"href":"http:\/\/razemmozemywiecej.inspires.pl\/index.php\/wp-json\/wp\/v2\/pages\/16\/revisions\/98"}],"wp:attachment":[{"href":"http:\/\/razemmozemywiecej.inspires.pl\/index.php\/wp-json\/wp\/v2\/media?parent=16"}],"curies":[{"name":"wp","href":"https:\/\/api.w.org\/{rel}","templated":true}]}}

<div data-elementor-type="wp-page" data-elementor-id="16" class="elementor elementor-16">
									<section class="elementor-section elementor-top-section elementor-element elementor-element-b2296bb elementor-section-boxed elementor-section-height-default elementor-section-height-default" data-id="b2296bb" data-element_type="section">
						<div class="elementor-container elementor-column-gap-default">
					<div class="elementor-column elementor-col-100 elementor-top-column elementor-element elementor-element-4fd936d" data-id="4fd936d" data-element_type="column">
			<div class="elementor-widget-wrap elementor-element-populated">
								<div class="elementor-element elementor-element-e60d5b0 elementor-widget elementor-widget-heading" data-id="e60d5b0" data-element_type="widget" data-widget_type="heading.default">
				<div class="elementor-widget-container">
			<style>/*! elementor - v3.8.0 - 30-10-2022 */
.elementor-heading-title{padding:0;margin:0;line-height:1}.elementor-widget-heading .elementor-heading-title[class*=elementor-size-]>a{color:inherit;font-size:inherit;line-height:inherit}.elementor-widget-heading .elementor-heading-title.elementor-size-small{font-size:15px}.elementor-widget-heading .elementor-heading-title.elementor-size-medium{font-size:19px}.elementor-widget-heading .elementor-heading-title.elementor-size-large{font-size:29px}.elementor-widget-heading .elementor-heading-title.elementor-size-xl{font-size:39px}.elementor-widget-heading .elementor-heading-title.elementor-size-xxl{font-size:59px}</style><h1 class="elementor-heading-title elementor-size-default">Oferowane wsparcie</h1>		</div>
				</div>
				<div class="elementor-element elementor-element-eb9cf79 elementor-widget elementor-widget-text-editor" data-id="eb9cf79" data-element_type="widget" data-widget_type="text-editor.default">
				<div class="elementor-widget-container">
			<style>/*! elementor - v3.8.0 - 30-10-2022 */
.elementor-widget-text-editor.elementor-drop-cap-view-stacked .elementor-drop-cap{background-color:#818a91;color:#fff}.elementor-widget-text-editor.elementor-drop-cap-view-framed .elementor-drop-cap{color:#818a91;border:3px solid;background-color:transparent}.elementor-widget-text-editor:not(.elementor-drop-cap-view-default) .elementor-drop-cap{margin-top:8px}.elementor-widget-text-editor:not(.elementor-drop-cap-view-default) .elementor-drop-cap-letter{width:1em;height:1em}.elementor-widget-text-editor .elementor-drop-cap{float:left;text-align:center;line-height:1;font-size:50px}.elementor-widget-text-editor .elementor-drop-cap-letter{display:inline-block}</style>				<p align="JUSTIFY"><b>OFERUMEJY WSPARCIE W PROJEKCIE W RAMACH</b></p><p align="JUSTIFY"><b>Diagnozy indywidualnych potrzeb i potencjałów uczestników projektu – dla 100% Uczestników/czek projektu</b></p><p align="JUSTIFY"><b>Treningu kompetencji i umiejętności społecznych – Kuźnia Optymizmu</b></p><ol><li><p align="JUSTIFY">Warsztaty z zakresu komunikacji interpersonalnej – dla 100% Uczestników/czek proj. -wsparcie grupowe, 12 h dydaktycznych wsparcia na osobę (wsparcie obligatoryjne)</p></li><li><p align="JUSTIFY">Warsztaty radzenia sobie ze stresem i sytuacjami konfliktowymi – dla 100% Uczestników/czek proj. &#8211; wsparcie grupowe, 12 h dydaktycznych wsparcia na osobę (wsparcie obligatoryjne)</p></li><li><p align="JUSTIFY">Warsztaty indywidualne o tematyce według potrzeb UP- dla średnio 80% Uczestników/czek proj. – 6 h zegarowe wsparcia na osobę (wsparcie fakultatywne)</p></li></ol><p align="JUSTIFY"><b>Poradnictwo specjalistyczne:</b></p><p align="JUSTIFY">a) poradnictwo socjalne – wsparcie grupowe dla 100% Uczestników/czek proj. – 8h dydaktycznych wsparcia</p><p align="JUSTIFY">b) poradnictwo psychologiczne &#8211; wsparcie indywidualne dla 100% Uczestników/czek proj. – 4 h zegarowe wsparcia na osobę (wsparcie fakultatywne)</p><p align="JUSTIFY">c) poradnictwo zawodowe &#8211; wsparcie indywidualne dla 100% Uczestników/czek proj. – 3 h zegarowe wsparcia na osobę (wsparcie obligatoryjne)</p><p align="JUSTIFY">d) wsparcie specjalistyczne dla osób z niepełnosprawnościami- wsparcie trenera aktywności ON/trenera pracy</p><p align="JUSTIFY"><b>Pośrednictwo pracy</b> – dla 100% Uczestników/czek projektu – 6 h zegarowych wsparcia na osobę (wsparcie obligatoryjne)</p><p align="JUSTIFY"><b>Szkolenia zawodowe</b> – dla 100 % Uczestników/czek projektu 120 h dydaktycznych wsparcia na osobę (wsparcie obligatoryjne). Tematyka szkolenia wynika z Diagnozy indywidualnych potrzeb i potencjału Uczestnika projektu.</p><p align="JUSTIFY"><b>Staże zawodowe</b>– dla średnio 82 Uczestników/czek projektu (wsparcie fakultatywne, decyduje ścieżka reintegracji)- 3 miesięczne</p><p align="JUSTIFY">Realizator projektu zobowiązuje się do zapewnienia zaplecza lokalowego, technicznego i kadrowego niezbędnego do realizacji w/w wsparcia oraz innych usług bezpośrednio z nimi związanych.</p><p align="JUSTIFY">Każdy z Uczestnik/czka ma możliwość otrzymać materiały szkoleniowe (notes, długopis), materiały dydaktyczne (skrypty/podręczniki), wyżywienie, zwroty kosztów dojazdu, w przypadku szkoleń/staży: stypendium szkoleniowej/stażowe, ubezpieczenie, zaświadczenia o kończeniu szkolenia, dokument potwierdzający nabycie kwalifikacji zawodowych/kompetencji zawodowych</p>						</div>
				</div>
					</div>
		</div>
							</div>
		</section>
							</div>

<p>Oferowane wsparcie OFERUMEJY WSPARCIE W PROJEKCIE W RAMACH Diagnozy indywidualnych potrzeb i potencjałów uczestników projektu – dla 100% Uczestników/czek projektu Treningu kompetencji i umiejętności społecznych – Kuźnia Optymizmu Warsztaty z zakresu komunikacji interpersonalnej – dla 100% Uczestników/czek proj. -wsparcie grupowe, 12 h dydaktycznych wsparcia na osobę (wsparcie obligatoryjne) Warsztaty radzenia sobie ze stresem i sytuacjami [&hellip;]</p>
