{"id":18,"date":"2022-11-02T15:25:15","date_gmt":"2022-11-02T14:25:15","guid":{"rendered":"http:\/\/razemmozemywiecej.inspires.pl\/?page_id=18"},"modified":"2022-11-02T17:45:56","modified_gmt":"2022-11-02T16:45:56","slug":"rekrutacja","status":"publish","type":"page","link":"https:\/\/razemmozemywiecej.inspires.pl\/index.php\/rekrutacja\/","title":{"rendered":"Rekrutacja"},"content":{"rendered":"\t\t<div data-elementor-type=\"wp-page\" data-elementor-id=\"18\" class=\"elementor elementor-18\">\n\t\t\t\t\t\t\t\t\t<section class=\"elementor-section elementor-top-section elementor-element elementor-element-35d53bc2 elementor-section-boxed elementor-section-height-default elementor-section-height-default\" data-id=\"35d53bc2\" data-element_type=\"section\">\n\t\t\t\t\t\t<div class=\"elementor-container elementor-column-gap-default\">\n\t\t\t\t\t<div class=\"elementor-column elementor-col-100 elementor-top-column elementor-element elementor-element-646224db\" data-id=\"646224db\" data-element_type=\"column\">\n\t\t\t<div class=\"elementor-widget-wrap elementor-element-populated\">\n\t\t\t\t\t\t\t\t<div class=\"elementor-element elementor-element-791b05db elementor-widget elementor-widget-heading\" data-id=\"791b05db\" data-element_type=\"widget\" data-widget_type=\"heading.default\">\n\t\t\t\t<div class=\"elementor-widget-container\">\n\t\t\t<style>\/*! elementor - v3.8.0 - 30-10-2022 *\/\n.elementor-heading-title{padding:0;margin:0;line-height:1}.elementor-widget-heading .elementor-heading-title[class*=elementor-size-]>a{color:inherit;font-size:inherit;line-height:inherit}.elementor-widget-heading .elementor-heading-title.elementor-size-small{font-size:15px}.elementor-widget-heading .elementor-heading-title.elementor-size-medium{font-size:19px}.elementor-widget-heading .elementor-heading-title.elementor-size-large{font-size:29px}.elementor-widget-heading .elementor-heading-title.elementor-size-xl{font-size:39px}.elementor-widget-heading .elementor-heading-title.elementor-size-xxl{font-size:59px}<\/style><h1 class=\"elementor-heading-title elementor-size-default\">Rekrutacja<\/h1>\t\t<\/div>\n\t\t\t\t<\/div>\n\t\t\t\t<div class=\"elementor-element elementor-element-4dfaf5e0 elementor-widget elementor-widget-text-editor\" data-id=\"4dfaf5e0\" data-element_type=\"widget\" data-widget_type=\"text-editor.default\">\n\t\t\t\t<div class=\"elementor-widget-container\">\n\t\t\t<style>\/*! elementor - v3.8.0 - 30-10-2022 *\/\n.elementor-widget-text-editor.elementor-drop-cap-view-stacked .elementor-drop-cap{background-color:#818a91;color:#fff}.elementor-widget-text-editor.elementor-drop-cap-view-framed .elementor-drop-cap{color:#818a91;border:3px solid;background-color:transparent}.elementor-widget-text-editor:not(.elementor-drop-cap-view-default) .elementor-drop-cap{margin-top:8px}.elementor-widget-text-editor:not(.elementor-drop-cap-view-default) .elementor-drop-cap-letter{width:1em;height:1em}.elementor-widget-text-editor .elementor-drop-cap{float:left;text-align:center;line-height:1;font-size:50px}.elementor-widget-text-editor .elementor-drop-cap-letter{display:inline-block}<\/style>\t\t\t\t<p align=\"JUSTIFY\">Rekrutacja b\u0119dzie mia\u0142a charakter otwarty i b\u0119dzie informowa\u0142a o mo\u017cliwo\u015bci przyst\u0105pienia do projektu zar\u00f3wno m\u0119\u017cczyzn jak i kobiet, prowadzona b\u0119dzie w okresie <b>09.2022 &#8211; 06.2023 r.<\/b> do zebrania ostatniego\/ej Uczestnika\/czki projektu.<\/p><p align=\"JUSTIFY\">Rekrutacja prowadzona terenie woj. mazowieckie powiat\u00f3w obj\u0119tych wsparciem w postaci rund rekrutacyjnych 9 rund rekrut, 1 runda x \u015brednio 12Uczestnik\u00f3w.<\/p><p>Rekrutacja do projektu b\u0119dzie przebiega\u0107 w dw\u00f3ch etapach:<\/p><p>I etap: ocena formalna \u2013 kompletno\u015b\u0107 i kwalifikowalno\u015b\u0107 dokument\u00f3w rekrutacyjnych- (zgodnie z opisem Uczestnik\u00f3w\/czek projektu- \u00a73 regulaminu projektu),<\/p><p>II etap: przyznanie punkt\u00f3w za spe\u0142nienie kryteri\u00f3w strategicznych:<\/p><ol><li><p align=\"JUSTIFY\">p\u0142e\u0107 &#8211; Kobiety &#8211; 2 pkt.,<\/p><\/li><li><p align=\"JUSTIFY\">osoby o niskich kwalifikacjach \u2013 1 pkt,<\/p><\/li><li><p align=\"JUSTIFY\">osoby z niepe\u0142nosprawno\u015bci\u0105 \u2013 5 pkt.<\/p><\/li><li><p align=\"JUSTIFY\">osoby korzystaj\u0105ce z PO P\u017b- 10 pkt.<\/p><\/li><li><p align=\"JUSTIFY\">osoby korzystaj\u0105ce z pomocy spo\u0142ecznej \u2013 1 pkt.<\/p><\/li><\/ol><p align=\"JUSTIFY\">\u00a0<\/p><p>\u0141\u0105cznie 108 os\u00f3b z najwi\u0119ksz\u0105 liczb\u0105 punkt\u00f3w w ramach danych rund rekrutacyjnych we\u017amie udzia\u0142 w proj.<\/p><p align=\"JUSTIFY\">W procesie rekrutacji powstaje lista podstawowa i rezerwowa oddzielne dla ka\u017cdej rundy rekrutacyjnej z podzia\u0142em na p\u0142e\u0107 w oparciu o liczb\u0119 zebranych punkt\u00f3w, w przypadku r\u00f3wnoleg\u0142ej punktacji po osi\u0105gni\u0119ciu zaplanowanej struktury GD decyduj\u0105 kolejno kryteria strategiczne.<\/p><p align=\"JUSTIFY\">Osoby z listy rezerwowej wezm\u0105 udzia\u0142 w projekcie w przypadku zwolnienia si\u0119 miejsc z listy podstawowej do 30% wsparcia proj.<\/p><p>Po zakwalifikowaniu do projektu, ka\u017cdy z Uczestnik\u00f3w zobowi\u0105zany jest do podpisania O\u015bwiadcze\u0144 wymaganych przez Realizatora projektu wraz z o\u015bwiadczeniem dotycz\u0105cym zgody na przetwarzanie danych osobowych.<\/p><p><strong>Dokumenty do pobrania:<\/strong><\/p>\t\t\t\t\t\t<\/div>\n\t\t\t\t<\/div>\n\t\t\t\t\t<\/div>\n\t\t<\/div>\n\t\t\t\t\t\t\t<\/div>\n\t\t<\/section>\n\t\t\t\t\t\t\t<\/div>\n\t\t","protected":false},"excerpt":{"rendered":"<p>Rekrutacja Rekrutacja b\u0119dzie mia\u0142a charakter otwarty i b\u0119dzie informowa\u0142a o mo\u017cliwo\u015bci przyst\u0105pienia do projektu zar\u00f3wno m\u0119\u017cczyzn jak i kobiet, prowadzona b\u0119dzie w okresie 09.2022 &#8211; 06.2023 r. do zebrania ostatniego\/ej Uczestnika\/czki projektu. Rekrutacja prowadzona terenie woj. mazowieckie powiat\u00f3w obj\u0119tych wsparciem w postaci rund rekrutacyjnych 9 rund rekrut, 1 runda x \u015brednio 12Uczestnik\u00f3w. Rekrutacja do projektu [&hellip;]<\/p>\n","protected":false},"author":1,"featured_media":0,"parent":0,"menu_order":0,"comment_status":"closed","ping_status":"closed","template":"","meta":{"footnotes":""},"class_list":["post-18","page","type-page","status-publish","hentry"],"_links":{"self":[{"href":"https:\/\/razemmozemywiecej.inspires.pl\/index.php\/wp-json\/wp\/v2\/pages\/18","targetHints":{"allow":["GET"]}}],"collection":[{"href":"https:\/\/razemmozemywiecej.inspires.pl\/index.php\/wp-json\/wp\/v2\/pages"}],"about":[{"href":"https:\/\/razemmozemywiecej.inspires.pl\/index.php\/wp-json\/wp\/v2\/types\/page"}],"author":[{"embeddable":true,"href":"https:\/\/razemmozemywiecej.inspires.pl\/index.php\/wp-json\/wp\/v2\/users\/1"}],"replies":[{"embeddable":true,"href":"https:\/\/razemmozemywiecej.inspires.pl\/index.php\/wp-json\/wp\/v2\/comments?post=18"}],"version-history":[{"count":7,"href":"https:\/\/razemmozemywiecej.inspires.pl\/index.php\/wp-json\/wp\/v2\/pages\/18\/revisions"}],"predecessor-version":[{"id":104,"href":"https:\/\/razemmozemywiecej.inspires.pl\/index.php\/wp-json\/wp\/v2\/pages\/18\/revisions\/104"}],"wp:attachment":[{"href":"https:\/\/razemmozemywiecej.inspires.pl\/index.php\/wp-json\/wp\/v2\/media?parent=18"}],"curies":[{"name":"wp","href":"https:\/\/api.w.org\/{rel}","templated":true}]}}